{"id":8244,"date":"2025-05-27T22:28:39","date_gmt":"2025-05-27T22:28:39","guid":{"rendered":"https:\/\/grey-armadillo-388565.hostingersite.com\/about-us-2\/"},"modified":"2025-07-19T16:46:21","modified_gmt":"2025-07-19T16:46:21","slug":"about-us-2","status":"publish","type":"page","link":"https:\/\/quimicasa.com\/?page_id=8244","title":{"rendered":"SOBRE NOSOTROS"},"content":{"rendered":"\t\t<div data-elementor-type=\"wp-page\" data-elementor-id=\"8244\" class=\"elementor elementor-8244\" data-elementor-post-type=\"page\">\n\t\t\t\t\t\t<section class=\"elementor-section elementor-top-section elementor-element elementor-element-ab5bfc8 elementor-section-stretched pylon-column-stretched-none elementor-section-boxed elementor-section-height-default elementor-section-height-default\" data-id=\"ab5bfc8\" data-element_type=\"section\" data-e-type=\"section\" data-settings=\"{&quot;stretch_section&quot;:&quot;section-stretched&quot;,&quot;background_background&quot;:&quot;classic&quot;}\">\n\t\t\t\t\t\t<div class=\"elementor-container elementor-column-gap-default\">\n\t\t\t\t\t<div class=\"elementor-column elementor-col-100 elementor-top-column elementor-element elementor-element-6491731\" data-id=\"6491731\" data-element_type=\"column\" data-e-type=\"column\">\n\t\t\t<div class=\"elementor-widget-wrap elementor-element-populated\">\n\t\t\t\t\t\t<section class=\"elementor-section elementor-inner-section elementor-element elementor-element-0b54d97 pylon-column-stretched-none elementor-section-boxed elementor-section-height-default elementor-section-height-default\" data-id=\"0b54d97\" data-element_type=\"section\" data-e-type=\"section\">\n\t\t\t\t\t\t<div class=\"elementor-container elementor-column-gap-default\">\n\t\t\t\t\t<div class=\"elementor-column elementor-col-50 elementor-inner-column elementor-element elementor-element-4207e53\" data-id=\"4207e53\" data-element_type=\"column\" data-e-type=\"column\">\n\t\t\t<div class=\"elementor-widget-wrap elementor-element-populated\">\n\t\t\t\t\t\t<div class=\"elementor-element elementor-element-85e6ff2 elementor-widget elementor-widget-pylon_img_with_title\" data-id=\"85e6ff2\" data-element_type=\"widget\" data-e-type=\"widget\" data-widget_type=\"pylon_img_with_title.default\">\n\t\t\t\t<div class=\"elementor-widget-container\">\n\t\t\t\t\t        <div class=\"about-three__image\">\r\n            <img fetchpriority=\"high\" decoding=\"async\" width=\"1078\" height=\"765\" src=\"https:\/\/quimicasa.com\/wp-content\/uploads\/2025\/06\/Nosotros-1-1.png\" class=\"attachment-full size-full wp-image-8351\" alt=\"\" srcset=\"https:\/\/quimicasa.com\/wp-content\/uploads\/2025\/06\/Nosotros-1-1.png 1078w, https:\/\/quimicasa.com\/wp-content\/uploads\/2025\/06\/Nosotros-1-1-300x213.png 300w, https:\/\/quimicasa.com\/wp-content\/uploads\/2025\/06\/Nosotros-1-1-1024x727.png 1024w, https:\/\/quimicasa.com\/wp-content\/uploads\/2025\/06\/Nosotros-1-1-768x545.png 768w, https:\/\/quimicasa.com\/wp-content\/uploads\/2025\/06\/Nosotros-1-1-600x426.png 600w\" sizes=\"(max-width: 1078px) 100vw, 1078px\" \/>        <\/div>\r\n        \t\t\t\t<\/div>\n\t\t\t\t<\/div>\n\t\t\t\t\t<\/div>\n\t\t<\/div>\n\t\t\t\t<div class=\"elementor-column elementor-col-50 elementor-inner-column elementor-element elementor-element-1b85b8a\" data-id=\"1b85b8a\" data-element_type=\"column\" data-e-type=\"column\">\n\t\t\t<div class=\"elementor-widget-wrap elementor-element-populated\">\n\t\t\t\t\t\t<div class=\"elementor-element elementor-element-c7c8a27 elementor-widget elementor-widget-pylon_img_with_title\" data-id=\"c7c8a27\" data-element_type=\"widget\" data-e-type=\"widget\" data-widget_type=\"pylon_img_with_title.default\">\n\t\t\t\t<div class=\"elementor-widget-container\">\n\t\t\t\t\t        <div class=\"about-three__image\">\r\n            <img decoding=\"async\" width=\"1018\" height=\"399\" src=\"https:\/\/quimicasa.com\/wp-content\/uploads\/2025\/06\/Garantizamos-2.png\" class=\"attachment-full size-full wp-image-8349\" alt=\"\" srcset=\"https:\/\/quimicasa.com\/wp-content\/uploads\/2025\/06\/Garantizamos-2.png 1018w, https:\/\/quimicasa.com\/wp-content\/uploads\/2025\/06\/Garantizamos-2-300x118.png 300w, https:\/\/quimicasa.com\/wp-content\/uploads\/2025\/06\/Garantizamos-2-768x301.png 768w, https:\/\/quimicasa.com\/wp-content\/uploads\/2025\/06\/Garantizamos-2-600x235.png 600w\" sizes=\"(max-width: 1018px) 100vw, 1018px\" \/>        <\/div>\r\n        \t\t\t\t<\/div>\n\t\t\t\t<\/div>\n\t\t\t\t\t<\/div>\n\t\t<\/div>\n\t\t\t\t\t<\/div>\n\t\t<\/section>\n\t\t\t\t<section class=\"elementor-section elementor-inner-section elementor-element elementor-element-eba9b2b pylon-column-stretched-none elementor-section-boxed elementor-section-height-default elementor-section-height-default\" data-id=\"eba9b2b\" data-element_type=\"section\" data-e-type=\"section\">\n\t\t\t\t\t\t<div class=\"elementor-container elementor-column-gap-default\">\n\t\t\t\t\t<div class=\"elementor-column elementor-col-50 elementor-inner-column elementor-element elementor-element-6e54c68\" data-id=\"6e54c68\" data-element_type=\"column\" data-e-type=\"column\">\n\t\t\t<div class=\"elementor-widget-wrap elementor-element-populated\">\n\t\t\t\t\t\t<div class=\"elementor-element elementor-element-40a0f1b elementor-widget elementor-widget-pylon_title\" data-id=\"40a0f1b\" data-element_type=\"widget\" data-e-type=\"widget\" data-widget_type=\"pylon_title.default\">\n\t\t\t\t<div class=\"elementor-widget-container\">\n\t\t\t\t\t \r\n        <div class=\"pylon-title\">\r\n            <div class=\"block-title\">\r\n                \r\n                    <h2 class=\"title-block\">NOSOTROS<\/h2>\r\n                                <\/div>\r\n                                <\/div>\r\n              \t\t\t\t<\/div>\n\t\t\t\t<\/div>\n\t\t\t\t\t<\/div>\n\t\t<\/div>\n\t\t\t\t<div class=\"elementor-column elementor-col-50 elementor-inner-column elementor-element elementor-element-6d6d754\" data-id=\"6d6d754\" data-element_type=\"column\" data-e-type=\"column\">\n\t\t\t<div class=\"elementor-widget-wrap elementor-element-populated\">\n\t\t\t\t\t\t<div class=\"elementor-element elementor-element-bae1190 elementor-widget elementor-widget-text-editor\" data-id=\"bae1190\" data-element_type=\"widget\" data-e-type=\"widget\" data-widget_type=\"text-editor.default\">\n\t\t\t\t<div class=\"elementor-widget-container\">\n\t\t\t\t\t\t\t\t\t<p>QUIMI-CA, SA. se especializa en la fabricaci\u00f3n, comercializaci\u00f3n y<br \/>distribuci\u00f3n de una amplia gama de productos qu\u00edmicos. Estos incluyen<br \/>detergentes, desinfectantes y productos enzim\u00e1ticos, todos formulados para<br \/>maximizar la eficacia y minimizar el impacto ambiental. Cada producto pasa<br \/>por rigurosos controles de calidad para asegurar su rendimiento y seguridad.<\/p>\t\t\t\t\t\t\t\t<\/div>\n\t\t\t\t<\/div>\n\t\t\t\t\t<\/div>\n\t\t<\/div>\n\t\t\t\t\t<\/div>\n\t\t<\/section>\n\t\t\t\t\t<\/div>\n\t\t<\/div>\n\t\t\t\t\t<\/div>\n\t\t<\/section>\n\t\t\t\t<section class=\"elementor-section elementor-top-section elementor-element elementor-element-355b0d4 elementor-section-full_width elementor-section-stretched pylon-column-stretched-none elementor-section-height-default elementor-section-height-default\" data-id=\"355b0d4\" data-element_type=\"section\" data-e-type=\"section\" data-settings=\"{&quot;stretch_section&quot;:&quot;section-stretched&quot;}\">\n\t\t\t\t\t\t<div class=\"elementor-container elementor-column-gap-no\">\n\t\t\t\t\t<div class=\"elementor-column elementor-col-100 elementor-top-column elementor-element elementor-element-313362f\" data-id=\"313362f\" data-element_type=\"column\" data-e-type=\"column\">\n\t\t\t<div class=\"elementor-widget-wrap elementor-element-populated\">\n\t\t\t\t\t\t<div class=\"elementor-element elementor-element-3aba4e7 elementor-widget elementor-widget-pylon_popup_video\" data-id=\"3aba4e7\" data-element_type=\"widget\" data-e-type=\"widget\" data-widget_type=\"pylon_popup_video.default\">\n\t\t\t\t<div class=\"elementor-widget-container\">\n\t\t\t\t\t\r\n        <script>\r\n        jQuery(document).ready(function($) {\r\n            \"use strict\";\r\n            if ($(\".video-popup-118431814\").length) {\r\n                $(\".video-popup-118431814\").magnificPopup({\r\n                    disableOn: 700,\r\n                    type: \"iframe\",\r\n                    mainClass: \"mfp-fade\",\r\n                    removalDelay: 160,\r\n                    preloader: true,\r\n        \r\n                    fixedContentPos: false\r\n                });\r\n            }\r\n        });\r\n        <\/script>        <div class=\"video-one\">\r\n            <div class=\"video-one__box\">\r\n                <div class=\"video-one__box-bg\"><\/div>\r\n                <a href=\"https:\/\/www.youtube.com\/watch?v=H2nCMgZsGdw\" class=\"video-one__btn video-popup video-popup-118431814\"><i class=\"far fa-handshake\"><\/i><\/a>\r\n                 <h3>Somos tus mejores aliados<\/h3>            <\/div>\r\n        <\/div>\r\n        \t\t\t\t<\/div>\n\t\t\t\t<\/div>\n\t\t\t\t\t<\/div>\n\t\t<\/div>\n\t\t\t\t\t<\/div>\n\t\t<\/section>\n\t\t\t\t<section class=\"elementor-section elementor-top-section elementor-element elementor-element-a97a2b5 pylon-column-stretched-none elementor-section-boxed elementor-section-height-default elementor-section-height-default\" data-id=\"a97a2b5\" data-element_type=\"section\" data-e-type=\"section\">\n\t\t\t\t\t\t<div class=\"elementor-container elementor-column-gap-default\">\n\t\t\t\t\t<div class=\"elementor-column elementor-col-100 elementor-top-column elementor-element elementor-element-286cefc\" data-id=\"286cefc\" data-element_type=\"column\" data-e-type=\"column\">\n\t\t\t<div class=\"elementor-widget-wrap elementor-element-populated\">\n\t\t\t\t\t\t<section class=\"elementor-section elementor-inner-section elementor-element elementor-element-86ae8e0 pylon-column-stretched-none elementor-section-boxed elementor-section-height-default elementor-section-height-default\" data-id=\"86ae8e0\" data-element_type=\"section\" data-e-type=\"section\">\n\t\t\t\t\t\t<div class=\"elementor-container elementor-column-gap-default\">\n\t\t\t\t\t<div class=\"elementor-column elementor-col-100 elementor-inner-column elementor-element elementor-element-8bfbe64\" data-id=\"8bfbe64\" data-element_type=\"column\" data-e-type=\"column\">\n\t\t\t<div class=\"elementor-widget-wrap elementor-element-populated\">\n\t\t\t\t\t\t<div class=\"elementor-element elementor-element-d897dae elementor-widget elementor-widget-pylon_title\" data-id=\"d897dae\" data-element_type=\"widget\" data-e-type=\"widget\" data-widget_type=\"pylon_title.default\">\n\t\t\t\t<div class=\"elementor-widget-container\">\n\t\t\t\t\t \r\n        <div class=\"pylon-title\">\r\n            <div class=\"block-title\">\r\n                \r\n                    <h2 class=\"title-block\">Nuestro Equipo de Ventas<\/h2>\r\n                                <\/div>\r\n                                <\/div>\r\n              \t\t\t\t<\/div>\n\t\t\t\t<\/div>\n\t\t\t\t\t<\/div>\n\t\t<\/div>\n\t\t\t\t\t<\/div>\n\t\t<\/section>\n\t\t\t\t<section class=\"elementor-section elementor-inner-section elementor-element elementor-element-ff78060 pylon-column-stretched-none elementor-section-boxed elementor-section-height-default elementor-section-height-default\" data-id=\"ff78060\" data-element_type=\"section\" data-e-type=\"section\">\n\t\t\t\t\t\t<div class=\"elementor-container elementor-column-gap-default\">\n\t\t\t\t\t<div class=\"elementor-column elementor-col-100 elementor-inner-column elementor-element elementor-element-9b93008\" data-id=\"9b93008\" data-element_type=\"column\" data-e-type=\"column\">\n\t\t\t<div class=\"elementor-widget-wrap\">\n\t\t\t\t\t\t\t<\/div>\n\t\t<\/div>\n\t\t\t\t\t<\/div>\n\t\t<\/section>\n\t\t\t\t<div class=\"elementor-element elementor-element-173027e elementor-widget elementor-widget-pylon_team2\" data-id=\"173027e\" data-element_type=\"widget\" data-e-type=\"widget\" data-widget_type=\"pylon_team2.default\">\n\t\t\t\t<div class=\"elementor-widget-container\">\n\t\t\t\t\t            <div class=\"all-team\"> \r\n            <div class=\"row\">\r\n                                        <div class=\"col-lg-4 col-md-6 mb-30\">\r\n                    <div class=\"team-one__card\">\r\n                        <div class=\"team-one__image\">\r\n                            \t\t<a class=\"post-thumbnail\" href=\"https:\/\/quimicasa.com\/?pylon_team=david-lopez-2\" aria-hidden=\"true\" tabindex=\"-1\">\r\n\t\t\t<img decoding=\"async\" width=\"532\" height=\"683\" src=\"https:\/\/quimicasa.com\/wp-content\/uploads\/2025\/06\/3.png\" class=\"attachment-post-thumbnail size-post-thumbnail wp-post-image\" alt=\"Bayardo Uma\u00f1a\" srcset=\"https:\/\/quimicasa.com\/wp-content\/uploads\/2025\/06\/3.png 532w, https:\/\/quimicasa.com\/wp-content\/uploads\/2025\/06\/3-234x300.png 234w\" sizes=\"(max-width: 532px) 100vw, 532px\" \/>\t\t<\/a>\r\n\t\t                        <\/div>\r\n                        <div class=\"team-one__content\">\r\n                            <div class=\"team-one__social\">\r\n                                <a href=\"#\" class=\"fa fa-facebook\" title=\"Facebook\"><\/a>                            <\/div>\r\n                            <h3><a href=\"https:\/\/quimicasa.com\/?pylon_team=david-lopez-2\">Bayardo Uma\u00f1a<\/a><\/h3>\r\n                                \r\n                            <span>Coordinador de Ventas<\/span>\r\n                                                    <\/div>\r\n                    <\/div>\r\n                <\/div>\r\n                                <div class=\"col-lg-4 col-md-6 mb-30\">\r\n                    <div class=\"team-one__card\">\r\n                        <div class=\"team-one__image\">\r\n                            \t\t<a class=\"post-thumbnail\" href=\"https:\/\/quimicasa.com\/?pylon_team=susana-lopez\" aria-hidden=\"true\" tabindex=\"-1\">\r\n\t\t\t<img loading=\"lazy\" decoding=\"async\" width=\"532\" height=\"683\" src=\"https:\/\/quimicasa.com\/wp-content\/uploads\/2025\/06\/2.png\" class=\"attachment-post-thumbnail size-post-thumbnail wp-post-image\" alt=\"Javiera Loaisiga\" srcset=\"https:\/\/quimicasa.com\/wp-content\/uploads\/2025\/06\/2.png 532w, https:\/\/quimicasa.com\/wp-content\/uploads\/2025\/06\/2-234x300.png 234w\" sizes=\"(max-width: 532px) 100vw, 532px\" \/>\t\t<\/a>\r\n\t\t                        <\/div>\r\n                        <div class=\"team-one__content\">\r\n                            <div class=\"team-one__social\">\r\n                                <a href=\"#\" class=\"fa fa-facebook\" title=\"Facebook\"><\/a>                            <\/div>\r\n                            <h3><a href=\"https:\/\/quimicasa.com\/?pylon_team=susana-lopez\">Javiera Loaisiga<\/a><\/h3>\r\n                                \r\n                            <span>Asesora de Ventas Institucional<\/span>\r\n                                                    <\/div>\r\n                    <\/div>\r\n                <\/div>\r\n                                <div class=\"col-lg-4 col-md-6 mb-30\">\r\n                    <div class=\"team-one__card\">\r\n                        <div class=\"team-one__image\">\r\n                            \t\t<a class=\"post-thumbnail\" href=\"https:\/\/quimicasa.com\/?pylon_team=david-lopez\" aria-hidden=\"true\" tabindex=\"-1\">\r\n\t\t\t<img loading=\"lazy\" decoding=\"async\" width=\"532\" height=\"683\" src=\"https:\/\/quimicasa.com\/wp-content\/uploads\/2025\/06\/1.png\" class=\"attachment-post-thumbnail size-post-thumbnail wp-post-image\" alt=\"Cristhofer Matus\" srcset=\"https:\/\/quimicasa.com\/wp-content\/uploads\/2025\/06\/1.png 532w, https:\/\/quimicasa.com\/wp-content\/uploads\/2025\/06\/1-234x300.png 234w\" sizes=\"(max-width: 532px) 100vw, 532px\" \/>\t\t<\/a>\r\n\t\t                        <\/div>\r\n                        <div class=\"team-one__content\">\r\n                            <div class=\"team-one__social\">\r\n                                <a href=\"#\" class=\"fa fa-facebook\" title=\"Facebook\"><\/a>                            <\/div>\r\n                            <h3><a href=\"https:\/\/quimicasa.com\/?pylon_team=david-lopez\">Cristhofer Matus<\/a><\/h3>\r\n                                \r\n                            <span>Asesor T\u00e9cnico de Ventas<\/span>\r\n                                                    <\/div>\r\n                    <\/div>\r\n                <\/div>\r\n                            <\/div>\r\n                    <\/div>\r\n        \t\t\t\t<\/div>\n\t\t\t\t<\/div>\n\t\t\t\t\t<\/div>\n\t\t<\/div>\n\t\t\t\t\t<\/div>\n\t\t<\/section>\n\t\t\t\t<\/div>\n\t\t","protected":false},"excerpt":{"rendered":"<p>NOSOTROS QUIMI-CA, SA. se especializa en la fabricaci\u00f3n, comercializaci\u00f3n ydistribuci\u00f3n de una amplia gama de productos qu\u00edmicos. Estos incluyendetergentes, desinfectantes y productos enzim\u00e1ticos, [&hellip;]<\/p>\n","protected":false},"author":1,"featured_media":0,"parent":0,"menu_order":0,"comment_status":"closed","ping_status":"closed","template":"","meta":{"footnotes":""},"class_list":["post-8244","page","type-page","status-publish","hentry"],"_links":{"self":[{"href":"https:\/\/quimicasa.com\/index.php?rest_route=\/wp\/v2\/pages\/8244","targetHints":{"allow":["GET"]}}],"collection":[{"href":"https:\/\/quimicasa.com\/index.php?rest_route=\/wp\/v2\/pages"}],"about":[{"href":"https:\/\/quimicasa.com\/index.php?rest_route=\/wp\/v2\/types\/page"}],"author":[{"embeddable":true,"href":"https:\/\/quimicasa.com\/index.php?rest_route=\/wp\/v2\/users\/1"}],"replies":[{"embeddable":true,"href":"https:\/\/quimicasa.com\/index.php?rest_route=%2Fwp%2Fv2%2Fcomments&post=8244"}],"version-history":[{"count":31,"href":"https:\/\/quimicasa.com\/index.php?rest_route=\/wp\/v2\/pages\/8244\/revisions"}],"predecessor-version":[{"id":9055,"href":"https:\/\/quimicasa.com\/index.php?rest_route=\/wp\/v2\/pages\/8244\/revisions\/9055"}],"wp:attachment":[{"href":"https:\/\/quimicasa.com\/index.php?rest_route=%2Fwp%2Fv2%2Fmedia&parent=8244"}],"curies":[{"name":"wp","href":"https:\/\/api.w.org\/{rel}","templated":true}]}}